*l**2 - 165. Let t(s) be the second derivative of k(s). Give t(j).
-6
Let m(x) = -x + 12. Let y be m(13). Let g(s) be the third derivative of 1/6*s**3 + 0*s + 0 + 85*s**2 - 11/24*s**4. Determine g(y).
12
Let p(l) = l + 8. Let y = -4 - 2. Let j be p(y). Let n(w) = -j*w + 5 + 0*w - 4*w**2 + w + w**3 - 2*w. Calculate n(4).
-7
Let l(r) = r**2 - 3. Let o = -96 - -111. Suppose 8*h = o*h. Give l(h).
-3
Let a(k) = 44 - 13*k - 14*k + 10*k + 19 + 77. What is a(9)?
-13
Let r(k) be the first derivative of k - 4*k**3 + 1/2*k**2 + 69. Determine r(-1).
-12
Let f(a) be the second derivative of 0 + 1/2*a**2 - 61*a - 3/4*a**4 + 1/6*a**3. Determine f(-1).
-9
Let r(f) = -f**3 + 18*f**2 - 20*f + 7. Let t(k) = -k**2 + 2. Let x(c) = -r(c) - 4*t(c). Determine x(13).
76
Let b(y) = -y**3 + y - 1. Let f(t) = 3*t**3 + 19*t**2 + 17*t - 17. Let r(w) = -4*b(w) - f(w). Let i = 142775 + -142755. Give r(i).
1
Let i(l) = -67*l + 208 - 6*l - 37*l + 22*l + 236. Give i(5).
4
Suppose 1 = -4*y + 3*d, 2*d + 2 = 2*y + 2*y. Let h(t) = 3*t**y - 3 + 3*t - t**3 - 4*t**2 + 5*t**2 - t**2. Give h(4).
-7
Let u(r) = -4*r - 7. Let f be (1/(-1))/(176/(-58) + 3). Let l(o) = -o**2 + 25*o + 110. Let p be l(f). Give u(p).
17
Let a(y) = 4*y**2 + 23*y - 5. Let t(r) = 5*r**2 + 28*r - 3. Let b(z) = -6*a(z) + 5*t(z). Determine b(-8).
63
Let c be ((-6)/(-4))/(12/(-120)). Let h be (4/(-10))/((-1)/c). Let l(d) = -3*d + 7 - 5671*d**2 + 2*d**3 - d**3 + 5676*d**2. Give l(h).
-11
Let w(v) be the first derivative of v**4/12 - 13*v**3/6 + 4*v**2 - 3*v + 7. Let j(t) be the first derivative of w(t). Determine j(8).
-32
Let i(t) = -2*t - 1. Let a(p) = 4*p - 2. Let g(o) = -a(o) - i(o). Let d be (1 - -1 - -1) + 1. Let j be g(d). Let v(x) = -x**2 - 4*x - 4. Give v(j).
-9
Let k(c) be the second derivative of -c**5/20 - 13*c**4/12 + 6*c. Let t(r) = -25*r**3 + 1401*r**2 - 56*r - 13. Let q be t(56). Determine k(q).
0
Let u = 11269 + -22533/2. Let y(b) be the first derivative of 6 + 1/4*b**4 + u*b**2 - 5/3*b**3 + 4*b. Give y(4).
8
Let y(k) = 32*k - 157. Let s be y(4). Let u(p) = -2*p**2 - 57*p + 25. Calculate u(s).
-4
Let j(a) = -4673 - 4662 + 9336 - 2*a**3 + 2*a - 3*a**2 + a**2. Give j(3).
-65
Let j(o) = o**3 + 6*o**2 + 3*o + 2. Suppose q + 4 = -2*v - 5, 8 = -v + 3*q. Let z(k) = k**3 + 6*k**2 + 3*k + 2. Let r(w) = v*j(w) + 6*z(w). Determine r(-6).
-16
Let k(p) = 6*p - 9. Let l(y) = -24*y + 37. Let v(h) = 9*k(h) + 2*l(h). Let q = 56576 - 56571. Give v(q).
23
Let m be 11/(44/(-8)) - 2 - 272. Let r = 263 + m. Let x(w) = -w - 15. What is x(r)?
-2
Let t(i) = 53*i**2 - 3*i + 2. Suppose 2*w = l - 17 + 21, -2*w + 6 = -2*l. Determine t(w).
52
Let r(d) be the first derivative of -d**4/4 - 4*d**3/3 + 3*d**2/2 + 5. Let h be (10/(-2) + (-60)/((-130)/13))*2. What is r(h)?
-18
Let s(i) = -12*i + 55. Let g(b) = -14*b + 76. Let c(f) = -4*g(f) + 5*s(f). Determine c(-4).
-13
Let p(v) be the third derivative of v**6/120 + v**5/60 - 13*v**4/24 + 11*v**3/6 - 5355*v**2. What is p(2)?
-3
Let v(b) = -1136*b**2 - 1130*b**2 + b + 3398*b**2 - 5 + 4*b**3 - 1120*b**2. Calculate v(-3).
-8
Let r(x) = -32*x + 4*x + 40*x + x**2 + 36. Give r(-6).
0
Let y(t) = 2*t**2 + 6*t. Suppose -8*u - 18 = -26*u. Let a be ((-25)/(-5) + -4)*(-5 + u). Determine y(a).
8
Let z(c) = -9*c + 3. Let t be 206/(-14) - 32/112. Let h be (1/(-3))/(1/t). Determine z(h).
-42
Let n(u) = u**3 + 4*u**2 - 3*u + 6. Let p(t) = -t**3 + t + 1. Let m(y) = -2*y**3 + 5*y**2 + 2*y + 12. Let i(k) = -m(k) + 4*p(k). Let o be i(-3). Calculate n(o).
-4
Let w(i) = -2*i + 14. Suppose 2*b - 70 = -2*f, -10*f = -3*b - 15*f + 105. Suppose -3*d - n = -20, -39*d - 4*n + 16 = -b*d. Determine w(d).
-2
Let l(t) = -t. Let y be (-9)/7 - 4/(-14). Suppose 0*s - 6 = -2*s. Let m(w) = -6*w - 2. Let b(r) = s*l(r) + y*m(r). Give b(-4).
-10
Let d(t) = -t + 11. Suppose 4*j - 5*r + 1200 = 0, 4*j + 905 + 299 = 4*r. Let x = j - -311. Calculate d(x).
5
Let p(q) = 5*q - 8. Let y be 0/4 - 15 - (4 + -15). What is p(y)?
-28
Suppose s - 4*m - 11 = 0, -3*s - 12*m + 7*m = 18. Let l be (-5 + s + 4)*(11 - 9). Let a(u) = u**3 + 4*u**2 - 5*u - 4. Determine a(l).
16
Let y(r) = 2*r**3 + 7*r**2 - 5*r - 12. Let m be y(-4). Let g(o) = -6*o - 27. Give g(m).
21
Let n(g) = 3*g - 203. Let t be n(66). Let x(p) be the third derivative of -p**6/120 - p**5/15 + p**4/4 + p**3 + 87*p**2. Calculate x(t).
1
Let r(p) = -10*p**2 + 3*p - 21. Let i(y) = 22*y**2 - 3*y + 33. Let w(u) = 4*i(u) + 7*r(u). Give w(3).
174
Let i(z) be the third derivative of -z**6/120 - z**5/12 - z**4/8 - z**3/3 + 3*z**2. Let w(d) = d**2 - 128*d + 2244. Let h be w(107). Determine i(h).
-11
Let r(g) = 2*g**3 + 33*g**2 + 18*g + 22. Let u be r(-16). Let o(t) = -3*t**3 - 30*t**2 + t + 16. Give o(u).
6
Suppose -5*v + 1 = 5*z - 4, 0 = 3*z + 4*v - 1. Suppose -z*g = -g + 68. Let n = 29 + g. Let r(k) = k. Determine r(n).
-5
Let l(y) be the third derivative of -y**5/30 + 3*y**4/8 - y**3 - 35*y**2 + 3*y. Determine l(5).
-11
Let l(u) = 4*u - 48. Let k be l(10). Let v(y) be the second derivative of -5*y**3/6 - 11*y**2/2 - 18*y. Determine v(k).
29
Let s(d) = -36*d**2 + 14*d**3 - 8*d + 14 - 13*d**3 + 96*d**2 - 31*d**2 - 33*d**2. Determine s(5).
-1
Let i(p) = 204*p - 623*p + 202*p + 33 + 208*p. Give i(-3).
60
Let w be (2 + -20)*(-4)/(-12). Let p be 2/(-7) + 10/35. Let f(n) = n + 1 + p - 7. What is f(w)?
-12
Let p(z) be the second derivative of 5/3*z**3 - 2*z - 8 + 4*z**2 + 1/12*z**4. Give p(-8).
-8
Suppose b = 5*b - 48. Suppose 68*m + b = 69*m. Let g(p) = 18*p + 0 + p**2 - 1 - m*p. Determine g(-5).
-6
Let h(r) = -32*r + 1. Suppose 8*z - 33 = 4*z + 5*a, 5*z = -3*a - 5. Suppose 2*m + 18 = k + 3*k, z*m + 14 = 3*k. Calculate h(m).
33
Let b(q) = 4*q + 22. Suppose 3*r = 3*z + 15, 2*z + 31*r - 5 = 30*r. Give b(z).
22
Let a(r) = r**2 + 6*r. Let i(o) = o**2 + 4*o + 18. Let k(c) = 2*a(c) - i(c). Calculate k(-9).
-9
Let y(i) = 24*i + 1. Let q(p) = 4*p**2 - 1. Let j be q(1). Suppose -2*v - 12 = -3*r, -6*r + 9 = -j*r - v. Suppose 0 = -a + 3*a + r. Give y(a).
-23
Suppose 0*d = -9*d + 18. Let m(i) = -2*i + 50*i**d - i - 51*i**2 + i. Give m(-4).
-8
Let t = 5147 - 5141. Let s(i) = i**2 - 6*i - 5. Determine s(t).
-5
Let m(f) = f**3 - 6*f**2 + 4*f - 3. Let p(w) = 19 + 5*w + 21 - 13. Let i be p(-7). Let g = i + 13. Determine m(g).
-8
Let d = -5324 + 5321. Suppose -4*w = -0*w - 4. Let k(s) = 2*s + 6 - w + 0 - 2. Give k(d).
-3
Let o(t) be the third derivative of t**5/60 - t**4 - 37*t**3/6 + 4*t**2 - 544*t - 2. Give o(26).
15
Suppose s + 4*i + 172 = -3*s, -4*s - 176 = 5*i. Let y = -31 - s. Let o(l) = y - 7*l + 9 - 16. What is o(1)?
-6
Suppose -53*p + 35*p = -486. Let g(i) = 33*i + 1 - 62*i + p*i - 12 + 1. Determine g(-3).
-4
Suppose 3*n = 4*g + 30, -3*n + 4*n + 3*g = -3. Let l(k) = 3*k**2 - 16*k - 2. Calculate l(n).
10
Suppose -26*b - 71*b = 179 + 403. Let n(u) = -u**2 - 11*u - 9. Calculate n(b).
21
Let b(j) be the third derivative of 1/24*j**4 + 0 + 0*j - 11/6*j**3 - 13*j**2 - 1/120*j**5. Let y(f) be the first derivative of b(f). Calculate y(0).
1
Let x(w) = -w**3 - 8*w**2 - 3*w + 24. Suppose 3*n = -160 + 166. Suppose 5*o + 45 = -5*s, -n*s - 41 = 5*o + s. Give x(o).
-4
Let l(h) = -119*h + 1. Let y(t) = -536*t + 3. Let r(o) = -9*l(o) + 2*y(o). Suppose -2*s = 2*s. Determine r(s).
-3
Let q = -35625 + 35617. Let l(g) = 4*g - 24. Determine l(q).
-56
Let b(k) = -6 + 16 + 9*k - 3 - k**2 - 6 - 7. Determine b(3).
12
Let y(v) = -7*v**2 - 11*v - 13. Let n(r) = 2*r**2 + 323*r - 655. Let c be n(2). Give y(c).
-9
Suppose -1368*j + 38 = -1370*j - 4*l, 4*j - 5*l = 2. Let s(m) = 12*m + 54. Give s(j).
-30
Suppose 10*l - l - 18 = 0. Let w(s) = -687 + 1381 + l*s - 690. Determine w(-6).
-8
Let v(a) be the first derivative of -23*a**2/2 - 3*a + 995. Give v(1).
-26
Let x(f) = 3*f - 10*f - f**2 + 7*f - 1 - 5*f**3 - 2*f. Let r be 1/2 + (-5 - 7/(-2)). Calculate x(r).
5
Let g(b) = -b**2 + 7*b + 4. Let f(s) = -6 - 67*s + 2*s**3 + 21 - 2*s**2 + 11 - 39*s**2. Let o be f(22). Calculate g(o).
16
Let t be (4/5)/(4/30). Let b(v) = -4567*v + 9151*v - 4574*v - 6 - 2*v**2. What is b(t)?
-18
Let x(w) = -43*w**3 - 255*w**2 + 7*w - 65. Let l be x(-6). Suppose -f - 12 = -4*f. Let p(q) = f*q - 3*q + q. Give p(l).
2
Let a be ((-4)/6)/((-2)/(-3)). Suppose -64*h = -62*h + 4. Let k(r) = -10*r - 3. Let y(s) = -38*s - 14. Let o(t) = h*y(t) + 9*k(t). Determine o(a